greatest common factor of h and q?
12
Let d = -1768 + 1779. What is the highest common divisor of d and 704?
11
Let g be ((-1426)/248)/(1/(-32)). Calculate the greatest common factor of g and 8.
8
Let h = 13 - 10. Let n be (-7 - -3) + h + -2. Let u be (-12)/n + -3 - -1. What is the highest common divisor of 1 and u?
1
Let b be -2*(74/(-4) - -3). Let a = b + -15. What is the highest common factor of a and 32?
16
Suppose 15*s = 1527 + 1848. Calculate the greatest common factor of 600 and s.
75
Let z(b) = 22*b - 68. Let l be z(14). What is the highest common divisor of l and 105?
15
Let n(l) = 23*l - 24. Let g be n(3). Let c(u) = -u. Let h be c(-6). Suppose -5*a - h = 3*t - 46, -a + 10 = t. Calculate the greatest common factor of g and a.
5
Suppose -352 = -6*y + 2*y. Suppose 0*d = -d + 3*m + 14, 4*d - 3*m - 56 = 0. Suppose 52 = 6*a - d. What is the greatest common factor of a and y?
11
Let z(o) = o + 4. Let j = 34 - 31. Suppose 3*n - j*g - g = -10, -2*n = 4*g. Let y be z(n). What is the greatest common factor of y and 8?
2
Let x = -891 + 1073. What is the highest common factor of x and 26?
26
Suppose -17*x + 18 = -492. Let m = -6 + 11. Suppose -m*c + 751 = 4*d - 3*d, 0 = 2*c + d - 301. What is the highest common factor of x and c?
30
Suppose -3*g + 2*b = -5, 5*g - 3*b - 7 = 1. Let a be 79 + 0 + g + 0. Let x(o) = 7*o + 51. Let q be x(-5). Calculate the highest common factor of q and a.
16
Let z = -185 + 203. Calculate the highest common divisor of z and 36.
18
Let w be ((-24)/(-18))/(6/(-225)). Let n = -24 - w. What is the highest common divisor of n and 39?
13
Let k(t) = 12*t**3 - 3*t**2 + 16*t - 25. Let g be k(2). Calculate the highest common factor of g and 21.
7
Suppose 4*b = 2*b + 26. Let t = b - 6. Suppose -10 = -2*i, -r + 3*i = r + 1. Calculate the greatest common factor of r and t.
7
Let r be (5796/(-90))/((-4)/10). Suppose 39*t - r = 32*t. What is the highest common factor of 69 and t?
23
Let f = 79 + -77. Suppose -4*q = -3*p + 40 - 10, 37 = f*p + 3*q. Calculate the greatest common divisor of 98 and p.
14
Suppose 2*p - 20 = p + 2*f, -2*p + 24 = 4*f. Let y(k) = 8*k - 40. Let t be y(11). What is the greatest common factor of p and t?
16
Let s be 9/(-12) + 5868/16. Calculate the greatest common factor of 6 and s.
6
Let i be (6/2 - 99/27)*-21. Let h(p) = p**2 - 7*p - 8. Suppose x - 18 = 4*x. Let f be h(x). What is the greatest common divisor of i and f?
14
Let g(o) = -14*o - 38. Let v be g(-4). What is the highest common factor of v and 315?
9
Suppose -24*n - 110 = -26*n. Suppose 2*w = -n + 209. What is the greatest common divisor of w and 11?
11
Let m(k) = 4*k**2 - 26*k + 32. Let t be m(6). Let l = -9 - -19. What is the greatest common factor of t and l?
10
Suppose 0 = -4*b - 2*b + 18. Let d = 19 - -7. Let i be ((b + -2)*d)/2. Calculate the highest common divisor of i and 52.
13
Let r(b) = 3*b**2 + 18*b + 15. Let m be r(-6). What is the greatest common divisor of m and 105?
15
Let r be ((-39)/(-2))/3*4. Suppose -6*b + 23 = -3*b + 5*y, 0 = -5*b + 4*y + r. Let l be -12*(3/b - 3). Calculate the highest common factor of 15 and l.
15
Let k(n) = 22*n + 9. Suppose h - 6 + 3 = 0. Let b be k(h). Calculate the highest common factor of 15 and b.
15
Suppose 2*b = 2*y + 6*b + 4, -5*y - 2*b = 2. Let a be (-1 + 1 + y)/(-3). Suppose a = -f - f + 290. What is the greatest common divisor of f and 58?
29
Let g be 1/(-4)*1 - (-8470)/56. Calculate the greatest common factor of g and 2265.
151
Let w be (-2)/(-4) + (-204)/24. Let x = w + 16. What is the greatest common divisor of x and 12?
4
Suppose 19*k - 126 = 12*k. What is the highest common factor of k and 96?
6
Let b(k) = k**3 + 7*k**2 + 5*k + 8. Let p be b(-6). Let f = p + 66. Let v = 20 + -12. What is the highest common factor of f and v?
8
Let h = -39 + 32. Let u = h - -88. Suppose 4*c - 32 = 4. What is the greatest common factor of u and c?
9
Let p(w) = -w**3 - 4*w**2 + 3*w - 8. Let u be p(-6). Suppose 80 = 5*d - 5*k - 40, -4*d - 5*k + 87 = 0. What is the greatest common divisor of d and u?
23
Suppose -2*w - 18 = -4*w + 2*v, 3*w + 2*v = 17. Let j be 87/w + 3/(-7). What is the greatest common divisor of j and 48?
12
Suppose 5*t = 2*t + 18. Let a be (12/(-18))/(4/t). Let n be 3 - (1 - a) - -3. Calculate the highest common divisor of 4 and n.
4
Let h = 54 - 22. Let o be (-4)/(-10) + h/20. Suppose -4*a + o*i = -i - 21, -7 = -a - i. Calculate the greatest common factor of a and 24.
6
Let p(g) = 2*g**3 + 3*g**2 - 12*g + 4. Let i be p(3). Calculate the greatest common factor of i and 21.
7
Suppose 11*r = 153 + 56. What is the greatest common divisor of 4 and r?
1
Suppose -59*z = -22944 + 5185. Calculate the highest common factor of 14 and z.
7
Suppose 0 = 51*c - 54*c + 210. Suppose 0 = 2*u - 7*u + p + 201, -u + p = -41. Suppose -u = 2*q - 6*q. What is the greatest common factor of c and q?
10
Suppose -4*d = -b + 264, b - 260 = -4*d + 28. Calculate the highest common factor of 36 and b.
12
Let f(a) = -3*a - 1. Let h be f(-6). Let z = 20 - h. Suppose -3*w - 451 = -2*u, -z*u - 2*w + 246 = -450. What is the greatest common factor of u and 23?
23
Let n be 2*1 - (-384 + -28). Calculate the greatest common factor of 9 and n.
9
Let a = 693 + -183. What is the greatest common factor of 30 and a?
30
Let p = -7 - -12. Let j = p + -5. Suppose -5*r + z + 224 = -52, j = r - 5*z - 36. Calculate the highest common factor of r and 28.
28
Let o = 2339 + -387. Calculate the highest common factor of o and 61.
61
Let s = 227 - -58. What is the highest common factor of s and 150?
15
Suppose -28*n - 126 = -35*n. Calculate the highest common factor of n and 2.
2
Let b be (-1*(6 + -4))/(2/(-93)). Suppose -b = -3*u - 21. Calculate the highest common divisor of 8 and u.
8
Suppose 41*l - 25*l - 48 = 0. Suppose -4*o + 25 + 27 = 0. Let r = o - -8. What is the greatest common divisor of l and r?
3
Let z be 4/8 + (-158)/(-4). Let h(s) = 2*s**3 - 17*s**2 + 25*s - 26. Let j be h(9). Calculate the highest common factor of j and z.
40
Let a be (-8)/3*(-4950)/60. What is the greatest common factor of a and 30?
10
Let r(z) = 2*z**2 + z - 15. Let w be r(-6). Let i be w + 1 + 2 + -4. Calculate the highest common divisor of 75 and i.
25
Let o(f) = -12 - 33*f + 19*f + 5*f. Let u be o(-4). Let w(p) = p**2 + p + 24. Let q be w(0). What is the highest common divisor of q and u?
24
Let n be (-2165)/(-145) - (-12)/174. Calculate the greatest common divisor of 345 and n.
15
Let l = 181 + -117. Let f(g) = -19*g + 263. Let i be f(13). Calculate the highest common divisor of i and l.
16
Suppose y = -a - 1, -5*y = -y + 2*a - 6. Let d(h) = 6*h**2 - 5*h - 4. Let w be d(5). Suppose -w + 781 = y*g. Calculate the greatest common factor of 15 and g.
15
Let t(j) = j**2 + j - 2. Let d be t(2). Suppose -l + d = 1. Calculate the highest common factor of 1 and l.
1
Let b = 50 + -45. Suppose 39 = -2*j + b*j + 2*k, -j = -2*k - 5. Calculate the greatest common factor of 22 and j.
11
Suppose 10 + 7 = 4*t + 3*v, 0 = -2*t - 4*v + 16. Suppose -4*c + 3*d = -t*c - 81, -d = 3*c - 105. Calculate the greatest common divisor of 12 and c.
12
Suppose 0 = 3*j + 5*q - 100, q - 2*q = 3*j - 80. Let h be 14 - 12*((-20)/(-6) - 3). What is the greatest common divisor of h and j?
5
Suppose -7*q - 4*y + 12 = -3*q, 2*y = 4*q - 18. Suppose 3*p = q*f + 12 + 16, 0 = -3*p - f + 53. What is the highest common divisor of p and 96?
16
Let v be (56/70)/(2/130). Let d be 1 + 3 + -2 + v. Calculate the greatest common factor of d and 36.
18
Suppose -5*m + 36 = 6. Let d = 121 + -73. What is the greatest common divisor of d and m?
6
Suppose -254 = -5*w - 2*t, -5*w = -0*w + 4*t - 258. Suppose -14*b = -19*b + w. What is the highest common divisor of b and 4?
2
Suppose b + 23 = x, 2 = 5*b + 4*x + 126. Let c = b - -38. What is the highest common factor of 14 and c?
14
Let h be 3/12 + (-3)/(-4). Suppose 5*y + 70 = -2*a, 11 = -3*y - h. Let q = a + 49. Calculate the highest common divisor of q and 96.
24
Let g = 55 + -92. Let v = 71 + g. Suppose 3*i + 8*l = 4*l + v, 0 = -5*i + l + 72. Calculate the greatest common divisor of 35 and i.
7
Let a(w) = -w**3 - 3*w**2 + 9*w - 11. Let s be a(-5). Let l be ((-2)/s)/((-8)/(-168)). Calculate the highest common divisor of l and 35.
7
Let k be (-1078)/(-6) - (-24)/(-36). Sup